{"id":15,"date":"2024-04-06T19:27:10","date_gmt":"2024-04-06T19:27:10","guid":{"rendered":"https:\/\/ritchies-music-kitchen.de\/?page_id=15"},"modified":"2024-07-16T09:05:20","modified_gmt":"2024-07-16T07:05:20","slug":"kontakt","status":"publish","type":"page","link":"https:\/\/ritchies-music-kitchen.de\/index.php\/kontakt\/","title":{"rendered":"Kontakt"},"content":{"rendered":"<div class=\"wp-block-kadence-advanced-form wp-block-kadence-advanced-form216-cpt-id kb-adv-form-label-style-normal kb-adv-form-input-size-standard kb-form-basic-style kb-form-is-dark wp-block-kadence-advanced-form\"><form id=\"kb-adv-form-216-cpt-id\" class=\"kb-advanced-form\" method=\"post\" data-error-message=\"Bitte behebe den Fehler, um fortzufahren.\">\n<div class=\"kb-row-layout-wrap kb-row-layout-id15_c3794a-d4 alignnone wp-block-kadence-rowlayout\"><div class=\"kt-row-column-wrap kt-has-2-columns kt-row-layout-equal kt-tab-layout-inherit kt-mobile-layout-row kt-row-valign-top\">\n\n<div class=\"wp-block-kadence-column kadence-column15_3a15f8-12\"><div class=\"kt-inside-inner-col\"><div class=\"kb-adv-form-field kb-adv-form-text-type-input kb-adv-form-infield-type-input kb-field216ce7e99-cd wp-block-kadence-advanced-form-text\"><label class=\"kb-adv-form-label\" for=\"field216ce7e99-cd\">Name<span class=\"kb-adv-form-required\">*<\/span><\/label><input name=\"fieldce7e99-cd\" id=\"field216ce7e99-cd\" data-label=\"Name\" type=\"text\" placeholder=\"\" value=\"\" data-type=\"text\" class=\"kb-field kb-text-field\" data-required=\"yes\" required aria-required=\"true\"\/><\/div><\/div><\/div>\n\n\n\n<div class=\"wp-block-kadence-column kadence-column15_d4520c-db\"><div class=\"kt-inside-inner-col\"><div class=\"kb-adv-form-field kb-adv-form-text-type-input kb-adv-form-infield-type-input kb-field216935602-c5 wp-block-kadence-advanced-form-email\"><label class=\"kb-adv-form-label\" for=\"field216935602-c5\">Email<span class=\"kb-adv-form-required\">*<\/span><\/label><input name=\"field935602-c5\" id=\"field216935602-c5\" data-label=\"Email\" type=\"email\" placeholder=\"\" value=\"\" data-type=\"email\" class=\"kb-field kb-email-field\" data-required=\"yes\" required aria-required=\"true\"\/><\/div><\/div><\/div>\n\n<\/div><\/div>\n\n<div class=\"kb-row-layout-wrap kb-row-layout-id15_883285-d9 alignnone wp-block-kadence-rowlayout\"><div class=\"kt-row-column-wrap kt-has-2-columns kt-row-layout-equal kt-tab-layout-inherit kt-mobile-layout-row kt-row-valign-top\">\n\n<div class=\"wp-block-kadence-column kadence-column15_808a45-fe\"><div class=\"kt-inside-inner-col\"><div class=\"kb-adv-form-field kb-adv-form-infield-type-input kb-field216a2b456-0d wp-block-kadence-advanced-form-select\"><label class=\"kb-adv-form-label\" for=\"field216a2b456-0d\">Betreff<span class=\"kb-adv-form-required\">*<\/span><\/label><select  name=\"fielda2b456-0d\" id=\"field216a2b456-0d\" required aria-required=\"true\"><option value=\"Buchung\">Buchung<\/option><option value=\"Allgemeine Anfrage\">Allgemeine Anfrage<\/option><option value=\"Feedback\">Feedback<\/option><\/select><\/div><\/div><\/div>\n\n\n\n<div class=\"wp-block-kadence-column kadence-column15_f8a4df-59\"><div class=\"kt-inside-inner-col\"><\/div><\/div>\n\n<\/div><\/div>\n\n<div class=\"kb-adv-form-field kb-adv-form-text-type-input kb-adv-form-infield-type-input kb-field216406db2-fd wp-block-kadence-advanced-form-textarea\"><label class=\"kb-adv-form-label\" for=\"field216406db2-fd\">Nachricht<span class=\"kb-adv-form-required\">*<\/span><\/label><textarea name=\"field406db2-fd\" id=\"field216406db2-fd\" rows=\"3\"  data-label=\"Nachricht\" placeholder=\"\" data-type=\"textarea\" class=\"kb-field kb-textarea-field\" data-required=\"yes\" required aria-required=\"true\"><\/textarea><\/div>\n\n<div class=\"kb-adv-form-field kb-submit-field kb-field585dee-e6 wp-block-kadence-advanced-form-submit\"><button class=\"kb-button kt-button button kb-adv-form-submit-button kb-btn585dee-e6 kt-btn-size-standard kt-btn-width-type-auto kb-btn-global-fill kt-btn-has-text-true kt-btn-has-svg-false\" type=\"submit\"><span class=\"kt-btn-inner-text\"><strong>Senden<\/strong><\/span><\/button><\/div>\n<input type=\"hidden\" name=\"_kb_adv_form_post_id\" value=\"216\"><input type=\"hidden\" name=\"action\" value=\"kb_process_advanced_form_submit\"><input type=\"hidden\" name=\"_kb_adv_form_id\" value=\"216-cpt-id\"><\/form><\/div>\n\n\n<hr class=\"wp-block-separator alignwide has-alpha-channel-opacity\"\/>\n\n\n<p><b>Information according to \u00a7 5 DDG <\/b><\/p><p>Peter Dornblut<br\/>Hinter dem Dorf 51 A<br\/>99441 Kleinschwabhausen<br\/>Deutschland<br\/><\/p><p><b>Vertreten durch:<\/b> Peter Dornblut<br\/><\/p><p><b>Kontakt:<\/b><br\/>E-Mail: <span style=\"display: none !important;\">2SzmTMAjftG6tBG<\/span>ritchiesmusickitchen<span style=\"display: none !important;\">PJAUapdXvdPT7sQ<\/span>@<span style=\"display: none !important;\">HMimZ5eGOrHQiER<\/span>gmail.com<span style=\"display: none !important;\">AkHPhMEWWUHZu1G<\/span><br\/><\/p><p><b>Haftungsausschluss<\/b><br \/><\/p><p><b>Haftung f\u00fcr Links:<\/b><br\/>Unser Angebot enth\u00e4lt Links zu externen Webseiten Dritter, auf deren Inhalte wir keinen Einfluss haben. Deshalb k\u00f6nnen wir f\u00fcr diese fremden Inhalte auch keine Gew\u00e4hr \u00fcbernehmen. F\u00fcr die Inhalte der verlinkten Seiten ist stets der jeweilige Anbieter oder Betreiber der Seiten verantwortlich. Die verlinkten Seiten wurden zum Zeitpunkt der Verlinkung auf m\u00f6gliche Rechtsverst\u00f6\u00dfe \u00fcberpr\u00fcft. Rechtswidrige Inhalte waren zum Zeitpunkt der Verlinkung nicht erkennbar. Eine permanente inhaltliche Kontrolle der verlinkten Seiten ist jedoch ohne konkrete Anhaltspunkte einer Rechtsverletzung nicht zumutbar. Bei Bekanntwerden von Rechtsverletzungen werden wir derartige Links umgehend entfernen.<\/p><p><b>Haftung f\u00fcr Inhalt:<\/b><br\/>The contents of our pages were created with the greatest care. However, we cannot assume any liability for the correctness, completeness and topicality of the contents. As a service provider, we are responsible for our own content on these pages in accordance with \u00a7 5 DDG and general laws. According to \u00a7 5 DDG we are not obliged to monitor transmitted or stored information from third parties or to investigate circumstances that indicate illegal activity. Obligations to remove or block the use of information according to general laws remain unaffected. However, liability in this respect is only possible from the time of knowledge of a concrete infringement. If we become aware of any such violations, we will remove the content in question immediately.<\/p><p><b>Urheberrecht<\/b><br \/>Die durch die Seitenbetreiber erstellten Inhalte und Werke auf diesen Seiten unterliegen dem deutschen Urheberrecht. Die Vervielf\u00e4ltigung, Bearbeitung, Verbreitung und jede Art der Verwertung au\u00dferhalb der Grenzen des Urheberrechtes bed\u00fcrfen der schriftlichen Zustimmung des jeweiligen Autors bzw. Erstellers. Downloads und Kopien dieser Seite sind nur f\u00fcr den privaten, nicht kommerziellen Gebrauch gestattet. Soweit die Inhalte auf dieser Seite nicht vom Betreiber erstellt wurden, werden die Urheberrechte Dritter beachtet. Insbesondere werden Inhalte Dritter als solche gekennzeichnet. Sollten Sie trotzdem auf eine Urheberrechtsverletzung aufmerksam werden, bitten wir um einen entsprechenden Hinweis. Bei Bekanntwerden von Rechtsverletzungen werden wir derartige Inhalte umgehend entfernen.<\/p><br \/>","protected":false},"excerpt":{"rendered":"","protected":false},"author":2,"featured_media":0,"parent":0,"menu_order":0,"comment_status":"closed","ping_status":"closed","template":"","meta":{"footnotes":""},"class_list":["post-15","page","type-page","status-publish","hentry"],"yoast_head":"<!-- This site is optimized with the Yoast SEO plugin v27.3 - https:\/\/yoast.com\/product\/yoast-seo-wordpress\/ -->\n<title>Kontakt - Ritchies Music Kitchen<\/title>\n<meta name=\"description\" content=\"Kontaktaufnahme per Mail oder Telefon f\u00fcr die Musikgruppe \u201cRitchies-Music-Kitchen\u201c - Kontakt, Feedback und Buchungsanfragen leicht gemacht!\" \/>\n<meta name=\"robots\" content=\"index, follow, max-snippet:-1, max-image-preview:large, max-video-preview:-1\" \/>\n<link rel=\"canonical\" href=\"https:\/\/ritchies-music-kitchen.de\/index.php\/kontakt\/\" \/>\n<meta property=\"og:locale\" content=\"de_DE\" \/>\n<meta property=\"og:type\" content=\"article\" \/>\n<meta property=\"og:title\" content=\"Kontakt - Ritchies Music Kitchen\" \/>\n<meta property=\"og:description\" content=\"Kontaktaufnahme per Mail oder Telefon f\u00fcr die Musikgruppe \u201cRitchies-Music-Kitchen\u201c - Kontakt, Feedback und Buchungsanfragen leicht gemacht!\" \/>\n<meta property=\"og:url\" content=\"https:\/\/ritchies-music-kitchen.de\/index.php\/kontakt\/\" \/>\n<meta property=\"og:site_name\" content=\"Ritchies Music Kitchen\" \/>\n<meta property=\"article:publisher\" content=\"https:\/\/www.facebook.com\/profile.php?id=61558150920530\" \/>\n<meta property=\"article:modified_time\" content=\"2024-07-16T07:05:20+00:00\" \/>\n<meta name=\"twitter:card\" content=\"summary_large_image\" \/>\n<script type=\"application\/ld+json\" class=\"yoast-schema-graph\">{\"@context\":\"https:\\\/\\\/schema.org\",\"@graph\":[{\"@type\":\"WebPage\",\"@id\":\"https:\\\/\\\/ritchies-music-kitchen.de\\\/index.php\\\/kontakt\\\/\",\"url\":\"https:\\\/\\\/ritchies-music-kitchen.de\\\/index.php\\\/kontakt\\\/\",\"name\":\"Kontakt - Ritchies Music Kitchen\",\"isPartOf\":{\"@id\":\"https:\\\/\\\/ritchies-music-kitchen.de\\\/#website\"},\"datePublished\":\"2024-04-06T19:27:10+00:00\",\"dateModified\":\"2024-07-16T07:05:20+00:00\",\"description\":\"Kontaktaufnahme per Mail oder Telefon f\u00fcr die Musikgruppe \u201cRitchies-Music-Kitchen\u201c - Kontakt, Feedback und Buchungsanfragen leicht gemacht!\",\"breadcrumb\":{\"@id\":\"https:\\\/\\\/ritchies-music-kitchen.de\\\/index.php\\\/kontakt\\\/#breadcrumb\"},\"inLanguage\":\"de\",\"potentialAction\":[{\"@type\":\"ReadAction\",\"target\":[\"https:\\\/\\\/ritchies-music-kitchen.de\\\/index.php\\\/kontakt\\\/\"]}]},{\"@type\":\"BreadcrumbList\",\"@id\":\"https:\\\/\\\/ritchies-music-kitchen.de\\\/index.php\\\/kontakt\\\/#breadcrumb\",\"itemListElement\":[{\"@type\":\"ListItem\",\"position\":1,\"name\":\"Startseite\",\"item\":\"https:\\\/\\\/ritchies-music-kitchen.de\\\/\"},{\"@type\":\"ListItem\",\"position\":2,\"name\":\"Kontakt\"}]},{\"@type\":\"WebSite\",\"@id\":\"https:\\\/\\\/ritchies-music-kitchen.de\\\/#website\",\"url\":\"https:\\\/\\\/ritchies-music-kitchen.de\\\/\",\"name\":\"Ritchies Music Kitchen\",\"description\":\"...feinster BluesJazz mit JazzBlues!\",\"potentialAction\":[{\"@type\":\"SearchAction\",\"target\":{\"@type\":\"EntryPoint\",\"urlTemplate\":\"https:\\\/\\\/ritchies-music-kitchen.de\\\/?s={search_term_string}\"},\"query-input\":{\"@type\":\"PropertyValueSpecification\",\"valueRequired\":true,\"valueName\":\"search_term_string\"}}],\"inLanguage\":\"de\"}]}<\/script>\n<!-- \/ Yoast SEO plugin. -->","yoast_head_json":{"title":"Kontakt - Ritchies Music Kitchen","description":"Kontaktaufnahme per Mail oder Telefon f\u00fcr die Musikgruppe \u201cRitchies-Music-Kitchen\u201c - Kontakt, Feedback und Buchungsanfragen leicht gemacht!","robots":{"index":"index","follow":"follow","max-snippet":"max-snippet:-1","max-image-preview":"max-image-preview:large","max-video-preview":"max-video-preview:-1"},"canonical":"https:\/\/ritchies-music-kitchen.de\/index.php\/kontakt\/","og_locale":"de_DE","og_type":"article","og_title":"Kontakt - Ritchies Music Kitchen","og_description":"Kontaktaufnahme per Mail oder Telefon f\u00fcr die Musikgruppe \u201cRitchies-Music-Kitchen\u201c - Kontakt, Feedback und Buchungsanfragen leicht gemacht!","og_url":"https:\/\/ritchies-music-kitchen.de\/index.php\/kontakt\/","og_site_name":"Ritchies Music Kitchen","article_publisher":"https:\/\/www.facebook.com\/profile.php?id=61558150920530","article_modified_time":"2024-07-16T07:05:20+00:00","twitter_card":"summary_large_image","schema":{"@context":"https:\/\/schema.org","@graph":[{"@type":"WebPage","@id":"https:\/\/ritchies-music-kitchen.de\/index.php\/kontakt\/","url":"https:\/\/ritchies-music-kitchen.de\/index.php\/kontakt\/","name":"Kontakt - Ritchies Music Kitchen","isPartOf":{"@id":"https:\/\/ritchies-music-kitchen.de\/#website"},"datePublished":"2024-04-06T19:27:10+00:00","dateModified":"2024-07-16T07:05:20+00:00","description":"Kontaktaufnahme per Mail oder Telefon f\u00fcr die Musikgruppe \u201cRitchies-Music-Kitchen\u201c - Kontakt, Feedback und Buchungsanfragen leicht gemacht!","breadcrumb":{"@id":"https:\/\/ritchies-music-kitchen.de\/index.php\/kontakt\/#breadcrumb"},"inLanguage":"de","potentialAction":[{"@type":"ReadAction","target":["https:\/\/ritchies-music-kitchen.de\/index.php\/kontakt\/"]}]},{"@type":"BreadcrumbList","@id":"https:\/\/ritchies-music-kitchen.de\/index.php\/kontakt\/#breadcrumb","itemListElement":[{"@type":"ListItem","position":1,"name":"Startseite","item":"https:\/\/ritchies-music-kitchen.de\/"},{"@type":"ListItem","position":2,"name":"Kontakt"}]},{"@type":"WebSite","@id":"https:\/\/ritchies-music-kitchen.de\/#website","url":"https:\/\/ritchies-music-kitchen.de\/","name":"Ritchies Music Kitchen","description":"...feinster BluesJazz mit JazzBlues!","potentialAction":[{"@type":"SearchAction","target":{"@type":"EntryPoint","urlTemplate":"https:\/\/ritchies-music-kitchen.de\/?s={search_term_string}"},"query-input":{"@type":"PropertyValueSpecification","valueRequired":true,"valueName":"search_term_string"}}],"inLanguage":"de"}]}},"_links":{"self":[{"href":"https:\/\/ritchies-music-kitchen.de\/index.php\/wp-json\/wp\/v2\/pages\/15","targetHints":{"allow":["GET"]}}],"collection":[{"href":"https:\/\/ritchies-music-kitchen.de\/index.php\/wp-json\/wp\/v2\/pages"}],"about":[{"href":"https:\/\/ritchies-music-kitchen.de\/index.php\/wp-json\/wp\/v2\/types\/page"}],"author":[{"embeddable":true,"href":"https:\/\/ritchies-music-kitchen.de\/index.php\/wp-json\/wp\/v2\/users\/2"}],"replies":[{"embeddable":true,"href":"https:\/\/ritchies-music-kitchen.de\/index.php\/wp-json\/wp\/v2\/comments?post=15"}],"version-history":[{"count":10,"href":"https:\/\/ritchies-music-kitchen.de\/index.php\/wp-json\/wp\/v2\/pages\/15\/revisions"}],"predecessor-version":[{"id":229,"href":"https:\/\/ritchies-music-kitchen.de\/index.php\/wp-json\/wp\/v2\/pages\/15\/revisions\/229"}],"wp:attachment":[{"href":"https:\/\/ritchies-music-kitchen.de\/index.php\/wp-json\/wp\/v2\/media?parent=15"}],"curies":[{"name":"wp","href":"https:\/\/api.w.org\/{rel}","templated":true}]}}